e ten thousands digit of 586626212?
2
What is the ten thousands digit of 3325412?
2
What is the hundred thousands digit of 148258251?
2
What is the millions digit of 144749997?
4
What is the units digit of 2107292141?
1
What is the tens digit of 1655779443?
4
What is the thousands digit of 1390798258?
8
What is the units digit of 59713495?
5
What is the thousands digit of 107998687?
8
What is the thousands digit of 960533231?
3
What is the ten millions digit of 193025780?
9
What is the millions digit of 1937850178?
7
What is the ten millions digit of 2823280463?
2
What is the units digit of 2390438013?
3
What is the tens digit of 946147932?
3
What is the ten millions digit of 442336703?
4
What is the hundred millions digit of 231734749?
2
What is the thousands digit of 79078477?
8
What is the millions digit of 105412823?
5
What is the hundred millions digit of 1955615052?
9
What is the hundreds digit of 1154918064?
0
What is the ten thousands digit of 236719301?
1
What is the hundreds digit of 147571548?
5
What is the thousands digit of 292372288?
2
What is the tens digit of 1472855348?
4
What is the units digit of 35173966?
6
What is the units digit of 38938791?
1
What is the hundred millions digit of 2110880181?
1
What is the millions digit of 11577030?
1
What is the ten thousands digit of 16461532?
6
What is the ten millions digit of 53978009?
5
What is the hundred thousands digit of 196924842?
9
What is the tens digit of 2775525084?
8
What is the hundred millions digit of 3541510601?
5
What is the hundred thousands digit of 623547081?
5
What is the thousands digit of 5964850240?
0
What is the ten millions digit of 80627299?
8
What is the hundred thousands digit of 682129615?
1
What is the hundred thousands digit of 113367814?
3
What is the hundred thousands digit of 50846002?
8
What is the thousands digit of 22176514?
6
What is the thousands digit of 1867384631?
4
What is the units digit of 2905614528?
8
What is the ten thousands digit of 42418599?
1
What is the hundreds digit of 109502018?
0
What is the millions digit of 72134867?
2
What is the hundreds digit of 3295713370?
3
What is the units digit of 195463719?
9
What is the billions digit of 2522030077?
2
What is the millions digit of 40828886?
0
What is the units digit of 1717712474?
4
What is the ten millions digit of 45367664?
4
What is the ten thousands digit of 224446511?
4
What is the hundreds digit of 977067224?
2
What is the hundred thousands digit of 92731385?
7
What is the hundreds digit of 138254887?
8
What is the ten thousands digit of 211959558?
5
What is the ten millions digit of 2336936682?
3
What is the millions digit of 45506663?
5
What is the units digit of 56007921?
1
What is the hundreds digit of 57948487?
4
What is the hundreds digit of 437616073?
0
What is the hundred thousands digit of 4365356244?
3
What is the hundreds digit of 6333818?
8
What is the ten millions digit of 1562546874?
6
What is the thousands digit of 214175117?
5
What is the hundreds digit of 1306324026?
0
What is the hundred millions digit of 559449821?
5
What is the ten millions digit of 188246308?
8
What is the millions digit of 159745344?
9
What is the hundreds digit of 605980838?
8
What is the hundred thousands digit of 573876119?
8
What is the millions digit of 1107109413?
7
What is the millions digit of 1760481988?
0
What is the billions digit of 4798822893?
4
What is the hundreds digit of 6328232759?
7
What is the ten thousands digit of 418140622?
4
What is the hundred millions digit of 101008936?
1
What is the hundred thousands digit of 127859334?
8
What is the tens digit of 92662923?
2
What is the ten millions digit of 331805594?
3
What is the thousands digit of 144400523?
0
What is the hundred millions digit of 240219072?
2
What is the hundred millions digit of 633818945?
6
What is the units digit of 275900853?
3
What is the hundred millions digit of 530722826?
5
What is the hundreds digit of 48097260?
2
What is the hundred millions digit of 4889845466?
8
What is the hundred thousands digit of 133903747?
9
What is the millions digit of 1348113273?
8
What is the hundreds digit of 72505115?
1
What is the hundred millions digit of 773806157?
7
What is the billions digit of 3856654593?
3
What is the thousands digit of 700111412?
1
What is the hundred millions digit of 1267986953?
2
What is the thousands digit of 1219439157?
9
What is the millions digit of 344898194?
4
What is the thousands digit of 40949502?
9
What is the units digit of 594961830?
0
What is the hundreds digit of 408330135?
1
What is the ten millions digit of 1025917025?
2
What is the units digit of 1084292231?
1
What is the thousands digit of 5350208924?
8
What is the millions digit of 75877232?
5
What is the thousands digit of 307043256?
3
What is the hundred millions digit of 818410142?
8
What is the ten thousands digit of 61825448?
2
What is the millions digit of 467873046?
7
What is the ten thousands digit of 223523530?
2
What is the billions digit of 1033905550?
1
What is the thousands digit of 2296768973?
8
What is the units digit of 227205571?
1
What is the ten millions digit of 394823893?
9
What is the hundreds digit of 761187944?
9
What is the ten millions digit of 92973468?
9
What is the units digit of 48434263?
3
What is the units digit of 1113231940?
0
What is the hundred thousands digit of 6297562570?
5
What is the hundreds digit of 151601462?
4
What is the millions digit of 1146694730?
6
What is the units digit of 38033547?
7
What is the thousands digit of 933690351?
0
What is the ten thousands digit of 7676025?
7
What is the hundreds digit of 590618242?
2
What is the ten millions digit of 235749647?
3
What is the thousands digit of 70348964?
8
What is the ten millions digit of 238177522?
3
What is the ten thousands digit of 73012337?
1
What is the units digit of 1244539287?
7
What is the hundreds digit of 457973684?
6
What is the millions digit of 42123424?
2
What is the hundred millions digit of 249188729?
2
What is the ten millions digit of 563892170?
6
What is the hundred thousands digit of 34205676?
2
What is the ten millions digit of 120157054?
2
What is the thousands digit of 130833113?
3
What is the billions digit of 1529079544?
1
What is the hundreds digit of 30999032?
0
What is the hundreds digit of 2443350?
3
What is the thousands digit of 94745346?
5
What is the ten millions digit of 3605288232?
0
What is the thousands digit of 1300125217?
5
What is the tens digit of 604644715?
1
What is the tens digit of 583052906?
0
What is the units digit of 131378136?
6
What is the ten millions digit of 367658561?
6
What is the billions digit of 2160564039?
2
What is the hundreds digit of 803362020?
0
What is the ten millions digit of 2024727336?
2
What is the tens digit of 36090129?
2
What is the hundreds digit of 864024092?
0
What is the tens digit of 649069833?
3
What is the hundred thousands digit of 33073995?
0
What is the ten thousands digit of 37959566?
5
What is the hundred thousands digit of 135932552?
9
What is the ten millions digit of 222247947?
2
What is the ten millions digit of 1220984888?
2
What is the thousands digit of 38914912?
4
What is the ten millions digit of 359081880?
5
What is the ten millions digit of 5249738538?
4
What is the hundred thousands digit of 35640901?
6
What is the hundred thousands digit of 2330274545?
2
What is the hundred thousands digit of 19671603?
6
What is the thousands digit of 61440205?
0
What is the hundreds digit of 27461113?
1
What is the millions digit of 284768857?
4
What is the ten millions digit of 305738774?
0
What is the millions digit of 125661443?
5
What is the hundreds digit of 723519518?
5
What is the millions digit of 135411425?
5
What is the thousands digit of 399866970?
6
What is the hundred millions digit of 1009745668?
0
What is the ten thousands digit of 161621176?
2
What is the tens digit of 268277493?
9
What is the hundreds digit of 580458425?
4
What is the hundred thousands digit of 8908158?
9
What is the ten thousands digit of 486660462?
6
What is the millions digit of 927236083?
7
What is the millions digit of 2583571?
2
What is the hundreds digit of 70005365?
3
What is the hundred millions digit of 140201822?
1
What is the ten thousa